 the prime factors of 464.
2, 29
List the prime factors of 79106.
2, 37, 1069
What are the prime factors of 1679?
23, 73
List the prime factors of 11948.
2, 29, 103
List the prime factors of 73.
73
What are the prime factors of 42217?
7, 37, 163
What are the prime factors of 357?
3, 7, 17
List the prime factors of 1459.
1459
What are the prime factors of 578?
2, 17
List the prime factors of 1159.
19, 61
List the prime factors of 98149.
61, 1609
What are the prime factors of 14822?
2, 7411
List the prime factors of 1283.
1283
List the prime factors of 15293.
41, 373
List the prime factors of 908.
2, 227
List the prime factors of 1763.
41, 43
What are the prime factors of 5849?
5849
List the prime factors of 5214.
2, 3, 11, 79
What are the prime factors of 13841?
13841
What are the prime factors of 2686?
2, 17, 79
What are the prime factors of 1540?
2, 5, 7, 11
What are the prime factors of 4070?
2, 5, 11, 37
What are the prime factors of 79121?
7, 89, 127
What are the prime factors of 2803?
2803
What are the prime factors of 14851?
14851
List the prime factors of 1962.
2, 3, 109
What are the prime factors of 778?
2, 389
List the prime factors of 1648.
2, 103
What are the prime factors of 3714?
2, 3, 619
List the prime factors of 2346.
2, 3, 17, 23
List the prime factors of 194907.
3, 64969
List the prime factors of 663.
3, 13, 17
List the prime factors of 1206.
2, 3, 67
What are the prime factors of 31743?
3, 3527
What are the prime factors of 78837?
3, 11, 2389
List the prime factors of 1241.
17, 73
List the prime factors of 5873.
7, 839
What are the prime factors of 1896?
2, 3, 79
What are the prime factors of 31376?
2, 37, 53
What are the prime factors of 22417?
29, 773
List the prime factors of 13569.
3, 4523
List the prime factors of 18293.
11, 1663
What are the prime factors of 152601?
3, 50867
What are the prime factors of 89331?
3, 11, 2707
List the prime factors of 16475.
5, 659
What are the prime factors of 273?
3, 7, 13
List the prime factors of 6231.
3, 31, 67
List the prime factors of 5673.
3, 31, 61
List the prime factors of 560.
2, 5, 7
What are the prime factors of 2354?
2, 11, 107
What are the prime factors of 3439?
19, 181
List the prime factors of 220.
2, 5, 11
What are the prime factors of 5803?
7, 829
List the prime factors of 122763.
3, 151, 271
List the prime factors of 15736.
2, 7, 281
List the prime factors of 898.
2, 449
List the prime factors of 6723.
3, 83
What are the prime factors of 27684?
2, 3, 769
List the prime factors of 72355.
5, 29, 499
What are the prime factors of 13343?
11, 1213
List the prime factors of 49424.
2, 3089
What are the prime factors of 675?
3, 5
List the prime factors of 31100.
2, 5, 311
List the prime factors of 104.
2, 13
List the prime factors of 31572.
2, 3, 877
What are the prime factors of 4447?
4447
List the prime factors of 59174.
2, 29587
What are the prime factors of 61539?
3, 73, 281
What are the prime factors of 13708?
2, 23, 149
List the prime factors of 1858.
2, 929
What are the prime factors of 2588?
2, 647
What are the prime factors of 40056?
2, 3, 1669
What are the prime factors of 880?
2, 5, 11
List the prime factors of 684.
2, 3, 19
List the prime factors of 71408.
2, 4463
List the prime factors of 80941.
7, 31, 373
List the prime factors of 568.
2, 71
List the prime factors of 743.
743
What are the prime factors of 8482?
2, 4241
List the prime factors of 309.
3, 103
What are the prime factors of 409?
409
What are the prime factors of 9843?
3, 17, 193
What are the prime factors of 6474?
2, 3, 13, 83
What are the prime factors of 5790?
2, 3, 5, 193
List the prime factors of 61744.
2, 17, 227
What are the prime factors of 11461?
73, 157
List the prime factors of 533.
13, 41
What are the prime factors of 1122?
2, 3, 11, 17
List the prime factors of 3880.
2, 5, 97
List the prime factors of 18868.
2, 53, 89
List the prime factors of 9102.
2, 3, 37, 41
What are the prime factors of 75233?
23, 3271
List the prime factors of 1016.
2, 127
List the prime factors of 8602.
2, 11, 17, 23
What are the prime factors of 1433?
1433
List the prime factors of 29113.
7, 4159
List the prime factors of 105564.
2, 3, 19, 463
What are the prime factors of 148168?
2, 18521
What are the prime factors of 6809?
11, 619
What are the prime factors of 168?
2, 3, 7
What are the prime factors of 19891?
19891
List the prime factors of 9050.
2, 5, 181
What are the prime factors of 16001?
16001
What are the prime factors of 9665?
5, 1933
What are the prime factors of 369?
3, 41
List the prime factors of 43.
43
What are the prime factors of 6195?
3, 5, 7, 59
What are the prime factors of 98806?
2, 127, 389
List the prime factors of 1019.
1019
List the prime factors of 1144.
2, 11, 13
What are the prime factors of 619?
619
List the prime factors of 317.
317
List the prime factors of 12667.
53, 239
List the prime factors of 4497.
3, 1499
List the prime factors of 1056.
2, 3, 11
List the prime factors of 958.
2, 479
List the prime factors of 6293.
7, 29, 31
List the prime factors of 20.
2, 5
What are the prime factors of 303?
3, 101
List the prime factors of 70650.
2, 3, 5, 157
List the prime factors of 288.
2, 3
List the prime factors of 51697.
17, 3041
List the prime factors of 19644.
2, 3, 1637
List the prime factors of 54538.
2, 11, 37, 67
List the prime factors of 5604.
2, 3, 467
List the prime factors of 13652.
2, 3413
What are the prime factors of 1202?
2, 601
List the prime factors of 690.
2, 3, 5, 23
What are the prime factors of 6666?
2, 3, 11, 101
What are the prime factors of 971?
971
List the prime factors of 5044.
2, 13, 97
List the prime factors of 4753.
7, 97
What are the prime factors of 1101?
3, 367
List the prime factors of 1551.
3, 11, 47
What are the prime factors of 18207?
3, 7, 17
What are the prime factors of 5602?
2, 2801
What are the prime factors of 1190?
2, 5, 7, 17
List the prime factors of 94678.
2, 47339
List the prime factors of 43399.
43399
What are the prime factors of 9180?
2, 3, 5, 17
List the prime factors of 3748.
2, 937
List the prime factors of 94219.
94219
List the prime factors of 15637.
19, 823
List the prime factors of 36292.
2, 43, 211
What are the prime factors of 26860?
2, 5, 17, 79
List the prime factors of 4970.
2, 5, 7, 71
List the prime factors of 2286.
2, 3, 127
What are the prime factors of 20?
2, 5
List the prime factors of 1801.
1801
What are the prime factors of 8936?
2, 1117
List the prime factors of 2304.
2, 3
List the prime factors of 34533.
3, 1279
What are the prime factors of 15820?
2, 5, 7, 113
What are the prime factors of 5912?
2, 739
List the prime factors of 2613.
3, 13, 67
List the prime factors of 5541.
3, 1847
What are the prime factors of 101001?
3, 131, 257
What are the prime factors of 6841?
6841
What are the prime factors of 43725?
3, 5, 11, 53
List the prime factors of 19156.
2, 4789
List the prime factors of 11.
11
What are the prime factors of 3225?
3, 5, 43
What are the prime factors of 964?
2, 241
List the prime factors of 38511.
3, 11, 389
What are the prime factors of 2405?
5, 13, 37
What are the prime factors of 818?
2, 409
What are the prime factors of 525?
3, 5, 7
List the prime factors of 7276.
2, 17, 107
What are the prime factors of 237?
3, 79
List the prime factors of 4673.
4673
What are the prime factors of 83?
83
What are the prime factors of 612?
2, 3, 17
What are the prime factors of 7125?
3, 5, 19
List the prime factors of 1044.
2, 3, 29
List the prime factors of 6275.
5, 251
List the prime factors of 963.
3, 107
What are the prime factors of 93333?
3, 53, 587
What are the prime factors of 3408?
2, 3, 71
List the prime factors of 3366.
2, 3, 11, 17
What are the prime factors of 45721?
13, 3517
What are the prime factors of 133994?
2, 7, 17, 563
List the prime factors of 34785.
3, 5, 773
What are the prime factors of 2346?
2, 3, 17, 23
What are the prime factors of 6507?
3, 241
List the prime factors of 6172.
2, 1543
What are the prime factors of 3434?
2, 17, 101
What are the prime factors of 11999?
13, 71
What are the prime factors of 14319?
3, 37, 43
What are the prime factors of 74?
2, 37
List the prime factors of 39376.
2, 23, 107
List the prime factors of 22472.
2, 53
List the prime factors of 1085.
5, 7, 31
List